 the prime factors of 145908366?
2, 3, 23, 1057307
List the prime factors of 121238774.
2, 60619387
What are the prime factors of 100133349?
3, 17, 461, 4259
List the prime factors of 92507674.
2, 7, 557, 11863
List the prime factors of 62856950.
2, 5, 13, 96703
What are the prime factors of 351541378?
2, 197, 892237
What are the prime factors of 408624406?
2, 367, 556709
List the prime factors of 1156387706.
2, 67, 83, 173, 601
What are the prime factors of 114113533?
617, 184949
List the prime factors of 904225634.
2, 13, 23, 1512083
What are the prime factors of 2442167160?
2, 3, 5, 467, 43579
List the prime factors of 33946398.
2, 3, 223, 2819
List the prime factors of 33099323.
17, 23, 84653
What are the prime factors of 282277115?
5, 56455423
List the prime factors of 21286209.
3, 7, 1013629
What are the prime factors of 323563986?
2, 3, 2647, 6791
What are the prime factors of 1470463243?
1470463243
What are the prime factors of 2020285462?
2, 13, 77703287
What are the prime factors of 102981336?
2, 3, 4290889
List the prime factors of 4826985067.
4826985067
List the prime factors of 54174701.
7, 31, 421, 593
What are the prime factors of 29320605?
3, 5, 89, 7321
List the prime factors of 35305720.
2, 5, 73, 107, 113
List the prime factors of 1515038041.
11, 137730731
List the prime factors of 286597497.
3, 95532499
List the prime factors of 204263575.
5, 23, 137, 2593
List the prime factors of 319402552.
2, 7, 1697, 3361
What are the prime factors of 553792182?
2, 3, 92298697
List the prime factors of 187437472.
2, 1217, 4813
List the prime factors of 174188851.
17, 10246403
What are the prime factors of 97216698?
2, 3, 97, 167039
List the prime factors of 379497690.
2, 3, 5, 11, 13, 9829
List the prime factors of 96049694.
2, 13, 17, 217307
List the prime factors of 2645951872.
2, 20671499
List the prime factors of 1205016077.
1205016077
List the prime factors of 142415364.
2, 3, 7, 13, 31, 601
What are the prime factors of 3957962850?
2, 3, 5, 8795473
What are the prime factors of 13994359?
13994359
List the prime factors of 26480830.
2, 5, 2648083
What are the prime factors of 651188753?
16993, 38321
What are the prime factors of 1242837796?
2, 79, 953, 4127
What are the prime factors of 2590778479?
41, 5147, 12277
What are the prime factors of 50788352?
2, 24799
What are the prime factors of 171379869?
3, 57126623
List the prime factors of 5611779511.
13, 41, 239, 44053
What are the prime factors of 342201815?
5, 2011, 34033
List the prime factors of 578068466.
2, 6701, 43133
List the prime factors of 936583320.
2, 3, 5, 307, 25423
What are the prime factors of 610874042?
2, 9377, 32573
List the prime factors of 2327353072.
2, 11, 23, 574939
What are the prime factors of 4187954056?
2, 11, 13, 3660799
What are the prime factors of 21509200?
2, 5, 53773
What are the prime factors of 19237224?
2, 3, 801551
List the prime factors of 222521252.
2, 55630313
List the prime factors of 27005254.
2, 13502627
What are the prime factors of 156031518?
2, 3, 59, 367, 1201
List the prime factors of 40064335.
5, 2377, 3371
What are the prime factors of 353322176?
2, 19, 37, 7853
List the prime factors of 510843624.
2, 3, 89, 311, 769
List the prime factors of 4599473486.
2, 29, 47, 67, 25183
What are the prime factors of 227804919?
3, 75934973
What are the prime factors of 144488933?
17, 29, 293081
What are the prime factors of 3754543324?
2, 7, 134090833
List the prime factors of 24337251.
3, 17, 73, 2179
What are the prime factors of 34511352?
2, 3, 89, 107, 151
List the prime factors of 1287452887.
7, 523, 351667
List the prime factors of 116169791.
73, 1591367
List the prime factors of 273788848.
2, 1549, 11047
What are the prime factors of 34703091?
3, 113, 34123
List the prime factors of 2002081837.
7, 53, 487, 1583
What are the prime factors of 100721748?
2, 3, 41, 204719
What are the prime factors of 19402136?
2, 13, 197, 947
What are the prime factors of 669147867?
3, 137, 397, 1367
List the prime factors of 181722759.
3, 60574253
List the prime factors of 56847215.
5, 71, 79, 2027
List the prime factors of 115319653.
17, 431, 15739
What are the prime factors of 15684474?
2, 3, 13, 211, 953
What are the prime factors of 143723968?
2, 2245687
What are the prime factors of 50023542?
2, 3, 19, 73, 6011
What are the prime factors of 29192108?
2, 11, 503, 1319
List the prime factors of 293158337.
293158337
List the prime factors of 5030877753.
3, 11, 37, 1373431
List the prime factors of 184376649.
3, 61458883
List the prime factors of 293058464.
2, 71, 128987
What are the prime factors of 145102767?
3, 907, 53327
What are the prime factors of 107228787?
3, 599, 59671
List the prime factors of 165280068.
2, 3, 761, 2011
What are the prime factors of 2196338127?
3, 31, 127, 185957
List the prime factors of 8602726.
2, 11, 127, 3079
List the prime factors of 151054049.
151054049
List the prime factors of 7009355654.
2, 7, 41, 12211421
What are the prime factors of 133214451?
3, 2843, 15619
What are the prime factors of 154927452?
2, 3, 43, 300247
List the prime factors of 44604874.
2, 22302437
List the prime factors of 310682257.
293, 1060349
List the prime factors of 68494966.
2, 23, 1489021
List the prime factors of 695227914.
2, 3, 2797, 4603
List the prime factors of 1527269565.
3, 5, 233, 379, 1153
List the prime factors of 80361545.
5, 11, 19, 6991
What are the prime factors of 221082388?
2, 55270597
List the prime factors of 57552092.
2, 13, 1106771
List the prime factors of 27829517.
23, 1209979
List the prime factors of 1677677472.
2, 3, 331, 17599
List the prime factors of 1997271512.
2, 249658939
What are the prime factors of 32735156?
2, 8183789
List the prime factors of 834214359.
3, 11, 127, 199049
List the prime factors of 86587117.
86587117
What are the prime factors of 1210302081?
3, 853, 5839
List the prime factors of 1720412.
2, 19, 22637
What are the prime factors of 438207948?
2, 3, 977, 4153
List the prime factors of 67961834.
2, 211, 161047
What are the prime factors of 685393373?
7, 101, 193, 5023
What are the prime factors of 4842361044?
2, 3, 59, 1033, 2207
List the prime factors of 267856933.
43, 6229231
List the prime factors of 291383206.
2, 1543, 94421
List the prime factors of 195259642.
2, 97, 1006493
List the prime factors of 2991642909.
3, 997214303
What are the prime factors of 113477150?
2, 5, 37, 61339
List the prime factors of 300270438.
2, 3, 13, 1283207
What are the prime factors of 107473438?
2, 53736719
What are the prime factors of 844391648?
2, 617, 42767
What are the prime factors of 434721?
3, 7, 127, 163
List the prime factors of 166104945.
3, 5, 389, 3163
List the prime factors of 205579675.
5, 7, 163, 7207
What are the prime factors of 45274623?
3, 283, 53327
What are the prime factors of 273063234?
2, 3, 907, 50177
List the prime factors of 164202886.
2, 593, 138451
What are the prime factors of 92025866?
2, 109, 422137
List the prime factors of 227206035.
3, 5, 7, 71, 10159
List the prime factors of 31517010.
2, 3, 5, 7, 19, 2633
List the prime factors of 184220794.
2, 1559, 59083
List the prime factors of 86563077.
3, 1297, 22247
List the prime factors of 1370840119.
11, 31, 1229, 3271
List the prime factors of 11412518.
2, 13, 109, 4027
What are the prime factors of 106706964?
2, 3, 7, 13, 19, 37, 139
What are the prime factors of 270488377?
17, 269, 59149
List the prime factors of 204537656.
2, 2383, 10729
What are the prime factors of 2173929977?
379, 5735963
List the prime factors of 303794486.
2, 137, 1108739
List the prime factors of 3306690868.
2, 13, 1621, 39229
List the prime factors of 319767449.
31, 10315079
What are the prime factors of 3409566074?
2, 19, 197, 613, 743
List the prime factors of 610808539.
11, 23, 2414263
What are the prime factors of 1305522186?
2, 3, 19, 11451949
What are the prime factors of 4836856692?
2, 3, 17939, 22469
List the prime factors of 108489055.
5, 21697811
List the prime factors of 22078814.
2, 47, 193, 1217
What are the prime factors of 584997875?
5, 7, 11, 60779
What are the prime factors of 2210783939?
7, 13, 97, 211, 1187
What are the prime factors of 59036392?
2, 41, 179989
What are the prime factors of 6087097979?
17, 433, 826939
What are